323.
7
What is the remainder when 13067 is divided by 108?
107
What is the remainder when 3187 is divided by 1589?
9
What is the remainder when 135746 is divided by 301?
296
Calculate the remainder when 31383 is divided by 327.
318
What is the remainder when 8298 is divided by 553?
3
Calculate the remainder when 46510 is divided by 347.
12
What is the remainder when 9727 is divided by 84?
67
What is the remainder when 1388 is divided by 1386?
2
Calculate the remainder when 23777 is divided by 517.
512
What is the remainder when 12884 is divided by 293?
285
Calculate the remainder when 15509 is divided by 742.
669
Calculate the remainder when 30361 is divided by 200.
161
Calculate the remainder when 1983 is divided by 162.
39
Calculate the remainder when 75108 is divided by 234.
228
What is the remainder when 2822 is divided by 927?
41
What is the remainder when 6744 is divided by 437?
189
Calculate the remainder when 4769 is divided by 111.
107
Calculate the remainder when 4977763 is divided by 86.
83
Calculate the remainder when 116608 is divided by 85.
73
Calculate the remainder when 58264 is divided by 23.
5
What is the remainder when 2697 is divided by 521?
92
Calculate the remainder when 99412 is divided by 59.
56
What is the remainder when 354005 is divided by 646?
643
Calculate the remainder when 231788 is divided by 474.
2
What is the remainder when 270559 is divided by 19?
18
Calculate the remainder when 3576 is divided by 286.
144
Calculate the remainder when 2295 is divided by 85.
0
Calculate the remainder when 4203 is divided by 323.
4
Calculate the remainder when 5757 is divided by 816.
45
Calculate the remainder when 78171 is divided by 12.
3
What is the remainder when 77103 is divided by 1490?
1113
What is the remainder when 1748 is divided by 432?
20
What is the remainder when 7738 is divided by 23?
10
What is the remainder when 65183 is divided by 213?
5
What is the remainder when 121814 is divided by 514?
510
What is the remainder when 107160 is divided by 337?
331
What is the remainder when 233372 is divided by 1477?
6
What is the remainder when 317723 is divided by 12?
11
What is the remainder when 22557 is divided by 11?
7
Calculate the remainder when 73152 is divided by 7315.
2
What is the remainder when 17435 is divided by 218?
213
What is the remainder when 3908 is divided by 93?
2
What is the remainder when 151799 is divided by 264?
263
What is the remainder when 71614 is divided by 119?
95
What is the remainder when 38444 is divided by 173?
38
What is the remainder when 358376 is divided by 990?
986
What is the remainder when 142884 is divided by 5?
4
Calculate the remainder when 603 is divided by 114.
33
What is the remainder when 11253 is divided by 91?
60
What is the remainder when 16939 is divided by 9?
1
What is the remainder when 43697 is divided by 61?
21
What is the remainder when 301745 is divided by 21?
17
Calculate the remainder when 4983 is divided by 643.
482
What is the remainder when 8132 is divided by 407?
399
What is the remainder when 1516 is divided by 38?
34
What is the remainder when 117694 is divided by 96?
94
What is the remainder when 16097 is divided by 133?
4
What is the remainder when 41897 is divided by 143?
141
What is the remainder when 144450 is divided by 737?
735
What is the remainder when 582014 is divided by 23?
22
Calculate the remainder when 7863 is divided by 1623.
1371
What is the remainder when 2854 is divided by 2828?
26
Calculate the remainder when 1311 is divided by 663.
648
What is the remainder when 16122 is divided by 22?
18
What is the remainder when 1637 is divided by 209?
174
Calculate the remainder when 5476 is divided by 137.
133
What is the remainder when 66357 is divided by 280?
277
Calculate the remainder when 339872 is divided by 20.
12
Calculate the remainder when 1978 is divided by 1155.
823
Calculate the remainder when 40353 is divided by 197.
165
What is the remainder when 84295 is divided by 669?
1
Calculate the remainder when 3064821 is divided by 982.
981
Calculate the remainder when 22314 is divided by 2789.
2
What is the remainder when 2833 is divided by 869?
226
Calculate the remainder when 14284 is divided by 496.
396
What is the remainder when 158848 is divided by 11?
8
What is the remainder when 397208 is divided by 9457?
14
Calculate the remainder when 43219 is divided by 476.
379
Calculate the remainder when 125855 is divided by 456.
455
What is the remainder when 174491 is divided by 206?
9
Calculate the remainder when 206240 is divided by 147.
146
Calculate the remainder when 854666 is divided by 61.
56
What is the remainder when 1590 is divided by 17?
9
What is the remainder when 138844 is divided by 727?
714
What is the remainder when 89822 is divided by 8?
6
Calculate the remainder when 12140 is divided by 143.
128
What is the remainder when 2104 is divided by 34?
30
What is the remainder when 3347 is divided by 50?
47
What is the remainder when 226925 is divided by 539?
6
What is the remainder when 5814253 is divided by 16?
13
What is the remainder when 12312 is divided by 58?
16
What is the remainder when 109660 is divided by 25?
10
Calculate the remainder when 158251 is divided by 4163.
57
What is the remainder when 4928 is divided by 331?
294
Calculate the remainder when 7602712 is divided by 378.
376
What is the remainder when 189121 is divided by 121?
119
What is the remainder when 12590 is divided by 12?
2
Calculate the remainder when 14838 is divided by 1942.
1244
Calculate the remainder when 45037 is divided by 143.
135
Calculate the remainder when 2219997 is divided by 625.
622
Calculate the remainder when 10668 is divided by 10624.
44
Calculate the remainder when 721 is divided by 102.
7
Calculate the remainder when 1264 is divided by 3.
1
What is the remainder when 111642 is divided by 827?
824
Calculate the remainder when 999734 is divided by 73.
72
Calculate the remainder when 7208 is divided by 85.
68
Calculate the remainder when 91203 is divided by 54.
51
What is the remainder when 135516 is divided by 27100?
16
Calculate the remainder when 119342 is divided by 35.
27
Calculate the remainder when 2261 is divided by 527.
153
Calculate the remainder when 830560 is divided by 136.
8
Calculate the remainder when 164516 is divided by 26.
14
What is the remainder when 63997 is divided by 203?
52
What is the remainder when 487 is divided by 482?
5
Calculate the remainder when 3176 is divided by 2869.
307
Calculate the remainder when 16119 is divided by 20.
19
Calculate the remainder when 3699 is divided by 1221.
36
Calculate the remainder when 39927 is divided by 411.
60
Calculate the remainder when 849467 is divided by 387.
2
Calculate the remainder when 1225 is divided by 139.
113
Calculate the remainder when 118933 is divided by 49.
10
Calculate the remainder when 119982 is divided by 39984.
30
Calculate the remainder when 54239 is divided by 96.
95
Calculate the remainder when 69575 is divided by 23181.
32
What is the remainder when 273780 is divided by 56?
52
Calculate the remainder when 8506 is divided by 22.
14
Calculate the remainder when 2986 is divided by 956.
118
Calculate the remainder when 10705 is divided by 53.
52
Calculate the remainder when 28746 is divided by 24.
18
What is the remainder when 60491 is divided by 656?
139
What is the remainder when 56573 is divided by 73?
71
Calculate the remainder when 1365423 is divided by 2091.
0
Calculate the remainder when 10480314 is divided by 44.
42
What is the remainder when 2637 is divided by 1312?
13
Calculate the remainder when 10046 is divided by 24.
14
Calculate the remainder when 25045 is divided by 12300.
445
What is the remainder when 6208 is divided by 520?
488
What is the remainder when 122947 is divided by 118?
109
Calculate the remainder when 42972 is divided by 614.
606
What is the remainder when 3945 is divided by 89?
29
Calculate the remainder when 1695501 is divided by 8.
5
What is the remainder when 877 is divided by 117?
58
Calculate the remainder when 2104 is divided by 1029.
46
What is the remainder when 69279 is divided by 433?
432
Calculate the remainder when 928584 is divided by 209.
206
What is the remainder when 197949 is divided by 197943?
6
Calc